k + 5. Let f = 53 - 47. Give o(f).
-7
Let z be (1 - -4)*(-2 + 3). Suppose 0 = -z*t + 19 - 4. Let r(j) = 2*j**2 + 0 - j**2 + 3. What is r(t)?
12
Let t(q) = q + 2. Let r(b) = -7*b - 11. Let h(u) = r(u) + 6*t(u). Give h(6).
-5
Let o(m) be the third derivative of -m**5/60 + m**4/3 - m**3/6 + 12*m**2. Give o(7).
6
Let k = 3 - -2. Let d(j) be the third derivative of j**4/12 - j**3/3 - 5*j**2. Determine d(k).
8
Let n(i) = -i**2 + 6*i + 7. Suppose -h - 4 = -0. Let k = h + 9. What is n(k)?
12
Let b(s) = 4*s + 15. Let o(g) = g + 1. Let j(u) = b(u) - 5*o(u). Calculate j(0).
10
Let q(f) be the second derivative of 1/6*f**3 + 0*f**2 - 1/15*f**5 - 1/360*f**6 + 0 - 1/6*f**4 + 3*f. Let p(n) be the second derivative of q(n). Give p(-5).
11
Let w(a) be the third derivative of a**6/24 + a**5/60 + a**4/12 + a**3/6 + 4*a**2. What is w(-1)?
-5
Suppose 36 - 9 = 9*h. Let o(x) = -x**3 + 5*x**2 - 3*x - 2. Determine o(h).
7
Let d(n) = -n + 3 + 3 - 7. Suppose 171 = -5*t - 99. Let z be (-4)/8 - t/(-12). What is d(z)?
4
Suppose 5*g = 19 + 26. Let k be g/3 - (-3 + 3). Let h(f) = -4*f + 4. Calculate h(k).
-8
Let k(g) = -g + 1. Let m(b) = -b**3 + 2*b**2 + b - 2. Let j be m(2). Suppose -3*o - f = -2*f + 13, j = -3*f - 6. What is k(o)?
6
Suppose 0 = 5*m - 2*c - 5, 2*m - 2*c = c + 13. Let h(j) be the first derivative of -3*j**3 - j**2/2 - j - 2. Determine h(m).
-9
Let h(i) = 7*i**2 + i - i**3 + 2*i**2 - 3*i**2. Let p = 4 + 2. Calculate h(p).
6
Suppose -3*y + 34 = -5*t, -4*t - 20 = 2*y + 16. Let z(r) = r + 4. What is z(t)?
-4
Let k(i) be the third derivative of -i**5/60 - i**3/6 + i**2. Let y be (1 - -1)*(4 - -1). Let a(v) = v**2 - 9*v - 12. Let b be a(y). Determine k(b).
-5
Let x = 23 - 14. Let k = x - 12. Let i(o) = -o**3 + o**2 - 1. Let b(u) = 4*u**3 - 3*u - 1. Let t(c) = b(c) + 3*i(c). Determine t(k).
5
Let y(f) = 2 - 3 + 0*f**2 - 4*f**2. Suppose -4*l - 8 = -0*l - 4*w, 0 = 2*l - 4*w + 6. Let j = -2 - l. Calculate y(j).
-5
Let f(s) = 4 - 1 + 0 - 4*s - 6. Calculate f(-5).
17
Let s(k) be the second derivative of k**5/20 - 3*k**4/4 + 3*k**3/2 - 4*k**2 - 6*k. Determine s(8).
0
Let u(v) be the first derivative of v**3/2 - 7*v + 4. Let f(s) be the first derivative of u(s). Let m be (-1)/(-3) + (-26)/6. Determine f(m).
-12
Let l(c) = -c**3 + c**2 + c - 2. Let g(j) = j**3 - 3*j**2 - 4*j + 6. Let k be g(4). Suppose -4*r = 5*p - 9 - 1, 5*r = 3*p - k. Give l(r).
-2
Let s be -2*(-2)/(-4)*-1. Let g(y) be the third derivative of 7*y**5/60 + y**4/24 - 3*y**2. Calculate g(s).
8
Let u = -19 - -19. Let w(h) = h - 11. What is w(u)?
-11
Let p(r) = r + 16. Let q be p(-5). Let g(i) = -i + 6. What is g(q)?
-5
Let x(g) = 51*g + 0 - 48*g - 9. Determine x(7).
12
Let w(m) = -3*m + 6. Let t be 2/((-7)/(-2) + -3). Calculate w(t).
-6
Let q = -4 - -3. Let m(g) = -5*g**3 - g**2 - 9*g - 9. Let p(r) = 5*r**3 + r**2 + 11*r + 11. Let z(b) = 5*m(b) + 4*p(b). Determine z(q).
4
Suppose -3*o = 9, 3*o = -4*u - 5 - 4. Let q(f) = f + 4*f + u*f - 4*f. Give q(-5).
-5
Suppose g - 5*g - a = 2, 4*g - a = 2. Let c(r) = r + 7. Give c(g).
7
Let c(r) = -4 + 1 + 6*r + 3. Let a(n) = -n. Let w(g) = 15*a(g) + 2*c(g). Give w(-2).
6
Let v = 10 - 0. Suppose s - v = 5*j, 4*s + s - 26 = j. Let g(l) = -3*l + 2 - 1 - 2*l. Calculate g(j).
6
Let b be 3/1 - (-8 + 3 + 8). Let l(f) = 3*f**3 - f**2 - 2*f + 10. Let p(r) = -r**3 + r**2 + r - 1. Let a(j) = l(j) + 2*p(j). Determine a(b).
8
Let f(g) = g**3 + 6*g**2 - g + 1. Let y(p) = 5*p + 11. Let x be y(-6). Let w = x + 13. Calculate f(w).
7
Let w = -5 - -5. Let x(c) = -c**2 - c. Let b be x(w). Let z(g) = 3 - 2*g**2 + b*g**2 + 2*g**3 + 7*g**2 - 3*g**3 + 6*g. Determine z(6).
3
Suppose -18 - 12 = 5*z. Let i = z + 0. Let y(h) = h**3 + 6*h**2 - 5. What is y(i)?
-5
Let o(u) = 3*u + 2*u - 1 - 4*u. Let v be -3 - (-68 + 4 - -4). Let j be v/(-21) + (-6)/21. Calculate o(j).
-4
Let c = -47 - -40. Let q(r) = -r**3 - 7*r**2 + r + 7. Determine q(c).
0
Let j = 3 + -2. Let w(f) = -2 + 3*f**3 + 0 + 5 - 2*f**2 - 2. Give w(j).
2
Suppose -4*x = 2*v + 30, -3*x = -v - 0*x + 10. Let w(r) = -5*r - 5. Let m(q) = -q. Let u(t) = -3*m(t) + w(t). What is u(v)?
5
Let u(g) be the second derivative of -1/3*g**3 + 0 + 3*g + 2*g**2. Let w(h) = -1. Let r(a) = u(a) - 2*w(a). Determine r(5).
-4
Let l(u) = -9*u**2 + 2*u - 2. Let i(n) = 5*n**2 - n + 1. Let k(t) = -7*i(t) - 4*l(t). Determine k(-3).
13
Let k(o) be the second derivative of 7*o**5/20 - o**3/3 - o**2/2 - 12*o. Determine k(-1).
-6
Let i(z) be the first derivative of z**6/360 - z**5/20 + z**4/4 - z**3 - 1. Let h(v) be the third derivative of i(v). Determine h(5).
1
Let g(x) = x - 1. Let w(d) = -d + 4. Let p be w(0). Suppose 5*q - q = p. Let j be g(q). Let i(b) = -b - 7. Give i(j).
-7
Let g(k) be the first derivative of -k**4/4 - 5*k**3/3 - 2*k**2 - 4*k - 3. What is g(-4)?
-4
Let r(y) = y**3 + 2*y**2 - 5*y. Let b(h) = h**3 + 2*h**2 - 5*h. Let g(j) = -7*b(j) + 6*r(j). Calculate g(-4).
12
Let v(s) = -s**3 - 5*s**2 - s - 3. Let g be v(-5). Let x(i) be the first derivative of -2*i**3/3 + i**2 - 3. Give x(g).
-4
Let m(h) = h**2 + 3*h - 2. Suppose t = 3*t + 8. Calculate m(t).
2
Suppose 3*f - 12 = f. Let y(n) = n**3 - 6*n**2 + n - 8. Determine y(f).
-2
Let v = -7 + 11. Let o(a) = a**2 + 4 - v + 6 - 7*a. Let j be 1 - 7/(28/(-16)). Determine o(j).
-4
Suppose 2*n = -2*n + 12. Let p be n/6*4 + 1. Let z(g) = p + 0*g + 2*g - g. Give z(-6).
-3
Let b = -8 - -10. Suppose -2 = 3*t + 4, 3*s + 1 = -b*t. Let w(o) = -2*o**3 - 1. Calculate w(s).
-3
Let k(x) = x**3 + 144 - 2*x + 0*x**3 - 147. What is k(-2)?
-7
Let p(q) = 2*q - 2*q**2 + 2 + 4*q - 8*q. Determine p(2).
-10
Let q(v) = 2*v + 16. Let f be q(-10). Let d(a) = a - 1. Calculate d(f).
-5
Let z be 2/2 + -2 + 1. Let a(p) be the second derivative of -p**4/12 + p**3/6 + 3*p**2 + 7*p. What is a(z)?
6
Let v(z) = 9*z**3 - z**2 - z - 1. Let h(k) be the second derivative of k**4/12 - 13*k**3/6 - 15*k**2/2 + 5*k. Let u be h(14). What is v(u)?
-10
Let q(n) be the first derivative of n**7/840 - n**5/60 + n**4/24 - 4*n**3/3 - 3. Let d(f) be the third derivative of q(f). Determine d(2).
5
Let n(b) be the second derivative of -b**5/20 + 5*b**4/12 + 7*b**3/6 - 3*b**2 + 23*b. What is n(6)?
0
Let y(c) = c + 2. Let b be y(-2). Suppose 0 = 2*r + 4*m - 26, -5*m + 27 = 4*r - 10. Let p(u) = 7*u - 5*u - 6 - r*u. Give p(b).
-6
Let j = -2 + 2. Let m(g) = -2 - g + j + 2*g. Let v = -319 + 324. Calculate m(v).
3
Let d(s) = 3*s - s - 3*s + 2 + 0*s. What is d(3)?
-1
Let f be ((-3)/(-2) + 1)*2. Let c(h) = f*h + h**2 + 0*h - h + 8 - 3*h. Calculate c(0).
8
Let s(r) be the first derivative of -r**3/6 - r**2 - 3*r - 2. Let x(g) be the first derivative of s(g). Calculate x(4).
-6
Suppose 2*a + 3 = 7. Let s(n) = n**2 + 2*n - 2. Calculate s(a).
6
Suppose m + 2*l = -2*l + 9, -5*m = -3*l - 22. Let t(z) = -z + 7. Give t(m).
2
Let z(u) = -2*u**2 - 7*u - 5. Let v be ((-2)/4)/((-10)/(-80)). Let a be (-5)/(-1)*v/5. What is z(a)?
-9
Let v(m) = 4*m - 2 - m + 1 - m**2. Give v(3).
-1
Let q(z) = -z + 8. Suppose -6*o - 8 = -7*o. Give q(o).
0
Let d(l) = 2*l + 12. Let h(s) = -3*s - 18. Let g(q) = -7*d(q) - 5*h(q). Let k be g(-6). Let r be (-3)/(k + 3/2). Let x(c) = 2*c**2 + 2*c + 2. Determine x(r).
6
Let v(u) = -2*u. Suppose 4*h + f = -1 + 2, 4*h - 6 = -2*f. Let x(y) = 2*y**2 + 13*y - 6. Let b be x(-7). Let t be 2*h + b + -2. Determine v(t).
6
Let h(o) be the second derivative of -o**5/20 + o**4/12 - o**3/2 + 3*o**2/2 + 23*o. What is h(2)?
-7
Let z(g) = -39*g + 1 + 3 - 47*g - g**2 + 83*g. Let u(i) = i - 4. Let s be u(6). Suppose 5*n = -17 + s. What is z(n)?
4
Suppose 0 = 11*o - 14*o. Suppose 4*w + o*w = 0. Let q(n) = -n - 12. What is q(w)?
-12
Suppose 1 = 5*d - 4. Let u(l) = -5*l**2 + d + 2 - 2 + l + 2*l**2. Calculate u(-2).
-13
Let y be 37/6 + (-1)/6. Suppose -4*s = -y*s - 4. Let k(z) = 2*z**2 - 2. Calculate k(s).
6
Let a(g) = -4*g**2 + 6*g - 2. Let m(x) = -9*x**2 + 13*x - 4. Let l(u) = -7*a(u) + 3*m(u). Suppose 5*v = -3 + 18. Calculate l(v).
2
Let b(u) be the second derivative of 3/2*u**2 + 5/6*u**3 + 0 - 1/12*u**4 + 2*u. What is b(5)?
3
Let l(o) be the first derivative of -o**2/2 + 7*o + 10. What is l(6)?
1
Let o(p) = -5*p - 30*p**2 + 4 + 11*p**2 + 11*p**2 + 9*p**2. Determine o(4).
0
Let h(o) = -17 - o + 13 + 0 + 7. Give h(0).
3
Suppose 0*m = -2*m + 4. Let f(b) = -3*b + b + b - m + 0*b. S